{"version":"1.0","type":"rich","width":"560px","height":"140px","title":"Martin R\u00f6hrleef: Die Idee vernetzter Mobilit\u00e4t f\u00fcr Menschen statt Autos &#8211; warum f\u00e4llt sie so schwer? - Heute unterhalte ich mit Martin R\u00f6hrleef, einen ambitionierten Mobilit\u00e4tsexperten mit jahrzehntelanger Erfahrung. Gemeinsam beleuchten wir, wie die Mobilit\u00e4t der Zukunft aussehen k\u00f6nnte \u2013 mutig, nachhaltig und menschenzentriert.","url":"https:\/\/katja-diehl.de\/martin-roehrleef-die-idee-vernetzter-mobilitaet-fuer-menschen-statt-autos-warum-faellt-sie-so-schwer\/","author_name":"she drives mobility - On the way to new mobility: Katja Diehl spricht alle 14 Tage mit G\u00e4sten \u00fcber Mobilit\u00e4t statt Verkehr, Diversit\u00e4t, New Work, Inklusion, kindergerechte Stadt und das Mobilisieren auf dem Land.","author_url":"https:\/\/katja-diehl.de","thumbnail_url":"https:\/\/katja-diehl.de\/wp-content\/uploads\/2024\/09\/sdm-blau.jpg","html":"<iframe width=\"560px\" height=\"140px\" src=\"https:\/\/katja-diehl.de\/martin-roehrleef-die-idee-vernetzter-mobilitaet-fuer-menschen-statt-autos-warum-faellt-sie-so-schwer\/?standalonePlayer\"><\/iframe>"}

Martin Röhrleef: Die Idee vernetzter Mobilität für Menschen statt Autos &#8211; warum fällt sie so schwer? - Heute unterhalte ich mit Martin Röhrleef, einen ambitionierten Mobilitätsexperten mit jahrzehntelanger Erfahrung. Gemeinsam beleuchten wir, wie die Mobilität der Zukunft aussehen könnte – mutig, nachhaltig und menschenzentriert.

she drives mobility - On the way to new mobility: Katja Diehl spricht alle 14 Tage mit Gästen über Mobilität statt Verkehr, Diversität, New Work, Inklusion, kindergerechte Stadt und das Mobilisieren auf dem Land.
